{"id":5452,"date":"2026-04-27T12:34:58","date_gmt":"2026-04-27T09:34:58","guid":{"rendered":"https:\/\/www.icffair.com\/?post_type=event&#038;p=5452"},"modified":"2026-04-27T13:02:37","modified_gmt":"2026-04-27T10:02:37","slug":"saudi-elenex-show-2026","status":"publish","type":"event","link":"https:\/\/www.icffair.com\/tr\/event\/saudi-elenex-show-2026\/","title":{"rendered":"Saudi Elenex Show 2026"},"content":{"rendered":"<h5 class=\"wp-block-heading\">27. Uluslararas\u0131 Suudi Arabistan Elektrik, Elektromekanik, Ayd\u0131nlatma, \u0130klimlendirme ve Yenilenebilir Enerji Fuar\u0131<\/h5>\r\n\r\n\r\n\r\n<p><strong>Elektrik, alternatif enerji, iklimlendirme, ayd\u0131nlatma ve su teknolojisi alanlar\u0131ndaki sekt\u00f6r liderlerine 27 y\u0131l\u0131 a\u015fk\u0131n s\u00fcredir kesintisiz ba\u015far\u0131 sunuyoruz\u2026<\/strong><\/p>\r\n\r\n\r\n\r\n<p>Fuar\u0131n 27.'si, istedi\u011finiz sekt\u00f6rdeki karar vericilerle g\u00f6r\u00fc\u015fmeniz i\u00e7in \u00f6nceden planlanm\u0131\u015f f\u0131rsatlar sunacak. Distrib\u00fct\u00f6rler, Al\u0131c\u0131lar, Proje sahipleri, Dan\u0131\u015fmanlar, Mimari M\u00fchendisler ve sekt\u00f6rdeki yetkin uzmanlar, ihtiya\u00e7lar\u0131n\u0131 Saudi Elenex 2026'da kar\u015f\u0131layacaklar.<\/p>\r\n<p>Bu etkinlik, sekt\u00f6r profesyonellerini, \u00e7\u00f6z\u00fcm sa\u011flay\u0131c\u0131lar\u0131n\u0131 ve tedarik\u00e7ilerini bir araya getirerek \u00e7\u00f6z\u00fcmlerinde yenilik\u00e7i yakla\u015f\u0131mlar geli\u015ftirmeyi ama\u00e7lamaktad\u0131r. Sekt\u00f6r liderlerinin kat\u0131laca\u011f\u0131 bu etkinlik, 16-19 Kas\u0131m 2026 tarihleri \u200b\u200baras\u0131nda Riyad Uluslararas\u0131 Kongre ve Fuar Merkezi'nde d\u00fczenlenecektir.<\/p>\r\n\r\n\r\n\r\n<p>&nbsp;<\/p>","protected":false},"excerpt":{"rendered":"<p>27. INTERNATIONAL SAUDI ARABIA EXHIBITION FOR ELECTRICITY, HVAC-R, ELECTROMECHANICAL, LIGHTING, RENEWABLE ENERGY AND TOOLS &#038; SAFETY<\/p>","protected":false},"author":1,"featured_media":5453,"comment_status":"open","ping_status":"closed","template":"","meta":{"footnotes":""},"eventcat":[158,257,167,258],"organizer":[259],"event_tags":[],"location":[249,248],"class_list":["post-5452","event","type-event","status-publish","has-post-thumbnail","hentry","eventcat-electricity","eventcat-energy","eventcat-hvac","eventcat-machinery","organizer-riyadh-exhibitions-company","location-riyadh","location-saudi-arabia"],"event_start_date":"2026-11-16","event_end_date":"2026-11-19","_links":{"self":[{"href":"https:\/\/www.icffair.com\/tr\/wp-json\/wp\/v2\/event\/5452","targetHints":{"allow":["GET"]}}],"collection":[{"href":"https:\/\/www.icffair.com\/tr\/wp-json\/wp\/v2\/event"}],"about":[{"href":"https:\/\/www.icffair.com\/tr\/wp-json\/wp\/v2\/types\/event"}],"author":[{"embeddable":true,"href":"https:\/\/www.icffair.com\/tr\/wp-json\/wp\/v2\/users\/1"}],"replies":[{"embeddable":true,"href":"https:\/\/www.icffair.com\/tr\/wp-json\/wp\/v2\/comments?post=5452"}],"version-history":[{"count":1,"href":"https:\/\/www.icffair.com\/tr\/wp-json\/wp\/v2\/event\/5452\/revisions"}],"predecessor-version":[{"id":5454,"href":"https:\/\/www.icffair.com\/tr\/wp-json\/wp\/v2\/event\/5452\/revisions\/5454"}],"wp:featuredmedia":[{"embeddable":true,"href":"https:\/\/www.icffair.com\/tr\/wp-json\/wp\/v2\/media\/5453"}],"wp:attachment":[{"href":"https:\/\/www.icffair.com\/tr\/wp-json\/wp\/v2\/media?parent=5452"}],"wp:term":[{"taxonomy":"eventcat","embeddable":true,"href":"https:\/\/www.icffair.com\/tr\/wp-json\/wp\/v2\/eventcat?post=5452"},{"taxonomy":"organizer","embeddable":true,"href":"https:\/\/www.icffair.com\/tr\/wp-json\/wp\/v2\/organizer?post=5452"},{"taxonomy":"event_tags","embeddable":true,"href":"https:\/\/www.icffair.com\/tr\/wp-json\/wp\/v2\/event_tags?post=5452"},{"taxonomy":"location","embeddable":true,"href":"https:\/\/www.icffair.com\/tr\/wp-json\/wp\/v2\/location?post=5452"}],"curies":[{"name":"wp","href":"https:\/\/api.w.org\/{rel}","templated":true}]}}

<h5 class="wp-block-heading">27. Uluslararası Suudi Arabistan Elektrik, Elektromekanik, Aydınlatma, İklimlendirme ve Yenilenebilir Enerji Fuarı</h5>



<p><strong>Elektrik, alternatif enerji, iklimlendirme, aydınlatma ve su teknolojisi alanlarındaki sektör liderlerine 27 yılı aşkın süredir kesintisiz başarı sunuyoruz…</strong></p>



<p>Fuarın 27.'si, istediğiniz sektördeki karar vericilerle görüşmeniz için önceden planlanmış fırsatlar sunacak. Distribütörler, Alıcılar, Proje sahipleri, Danışmanlar, Mimari Mühendisler ve sektördeki yetkin uzmanlar, ihtiyaçlarını Saudi Elenex 2026'da karşılayacaklar.</p>
<p>Bu etkinlik, sektör profesyonellerini, çözüm sağlayıcılarını ve tedarikçilerini bir araya getirerek çözümlerinde yenilikçi yaklaşımlar geliştirmeyi amaçlamaktadır. Sektör liderlerinin katılacağı bu etkinlik, 16-19 Kasım 2026 tarihleri ​​arasında Riyad Uluslararası Kongre ve Fuar Merkezi'nde düzenlenecektir.</p>



<p>&nbsp;</p>
